 13, what is 32 + -a78?
-a46
In base 4, what is 22110 - 132?
21312
In base 16, what is -dfab5 - 4?
-dfab9
In base 11, what is -4 - a069a?
-a06a3
In base 3, what is -100120122011011 - 2?
-100120122011020
In base 14, what is -10 + -8bd?
-8cd
In base 14, what is -2 + -193cd?
-193d1
In base 16, what is 5b + -190?
-135
In base 15, what is 388 - -1?
389
In base 2, what is 100001111011101011 + -1000?
100001111011100011
In base 3, what is 10 + -201102222211?
-201102222201
In base 7, what is -40 + 602226?
602156
In base 13, what is 8b7c3 - -2?
8b7c5
In base 4, what is -1 + -2330223?
-2330230
In base 3, what is -10012 + 121211?
111122
In base 8, what is 0 + 732217?
732217
In base 9, what is 40 + -23501?
-23451
In base 3, what is -1122122202 + 22?
-1122122110
In base 11, what is -1 + -192a?
-1930
In base 12, what is 19 - 9a?
-81
In base 2, what is 1101111001 - 1100011?
1100010110
In base 10, what is 4 - -22380?
22384
In base 13, what is -3 + 767a?
7677
In base 14, what is -42b4 + -ba?
-4390
In base 14, what is -1 - -3c848?
3c847
In base 3, what is -100201 - -2120?
-21011
In base 9, what is -6 - -437373?
437366
In base 8, what is -14365 - 1460?
-16045
In base 13, what is -178 + 5128?
4c80
In base 3, what is 22022110110 + -2?
22022110101
In base 6, what is -1 - 213243?
-213244
In base 9, what is -50426 - 20?
-50446
In base 5, what is -4233413 + -1?
-4233414
In base 4, what is -3002110121 - -2?
-3002110113
In base 16, what is f42 - -1ba?
10fc
In base 7, what is 40652 - -200?
41152
In base 11, what is 7862 - -14?
7876
In base 15, what is 5 + -985?
-980
In base 15, what is -1 - -2110?
210e
In base 15, what is -41 - -11e64?
11e23
In base 2, what is 1000000000110111 + -1101111?
111111111001000
In base 11, what is 18 + 3a711?
3a729
In base 11, what is 4231a + -12?
42308
In base 6, what is -12013 - 5200?
-21213
In base 2, what is 1101001001010 + -10000?
1101000111010
In base 5, what is -3 - 1104103?
-1104111
In base 6, what is 122345 + -5?
122340
In base 16, what is 15dc9 + 5?
15dce
In base 12, what is 4 + -7969?
-7965
In base 13, what is 6c - -10990?
10a2c
In base 15, what is -aed0 + -a?
-aeda
In base 14, what is -2c23 - -5c?
-2ba5
In base 14, what is 1 - -2d0ba?
2d0bb
In base 4, what is -103133102 + -13?
-103133121
In base 9, what is 2017717 - 3?
2017714
In base 11, what is -5373 - -82?
-52a1
In base 10, what is -12 - 11431?
-11443
In base 9, what is -1 - -18405?
18404
In base 2, what is 101 + 10000110011010000100?
10000110011010001001
In base 9, what is 10074 + -14?
10060
In base 5, what is -2 - 30001120?
-30001122
In base 5, what is 1221 - 113311?
-112040
In base 13, what is 7 + -4c7b7?
-4c7b0
In base 13, what is 5 + 310b?
3113
In base 3, what is -10122010 + -101122?
-11000202
In base 8, what is -326152 - -4?
-326146
In base 10, what is -3 + -8120?
-8123
In base 16, what is 0 - -42e3a?
42e3a
In base 12, what is aa - -436?
524
In base 13, what is 79 + -996b?
-98c2
In base 8, what is 36 + 152714?
152752
In base 2, what is -10110110 + 100010?
-10010100
In base 4, what is 233230023 + -2?
233230021
In base 3, what is 12 - 1020000021?
-1020000002
In base 13, what is -51 + -2c9a?
-301b
In base 15, what is -14 + -4c?
-61
In base 6, what is 110 - 24344?
-24234
In base 4, what is 1210030303 - 3?
1210030300
In base 8, what is 60346 - -4?
60352
In base 10, what is 0 - 62815?
-62815
In base 16, what is -535 - 23?
-558
In base 8, what is -613766 - -3?
-613763
In base 9, what is 2 + 4301?
4303
In base 7, what is -12261 - -416?
-11542
In base 2, what is 1100010001 - -101100001?
10001110010
In base 5, what is 141230 - -202?
141432
In base 15, what is 5c2 + 4c?
61e
In base 14, what is 78dd - -1?
7900
In base 16, what is -5 - -11809?
11804
In base 6, what is -1320352 + 3?
-1320345
In base 8, what is 45 + -26066?
-26021
In base 15, what is 5ac7e - 0?
5ac7e
In base 7, what is 4 + -256041?
-256034
In base 16, what is ee - 31f?
-231
In base 12, what is -260 - 10a99?
-11139
In base 13, what is 3c53 - -7?
3c5a
In base 4, what is -1022312 - 10?
-1022322
In base 9, what is -482 + 470?
-12
In base 10, what is -2 + 1189043?
1189041
In base 13, what is a8c64 - 1c?
a8c45
In base 10, what is -1572 - -30?
-1542
In base 3, what is 0 + 12012002222?
12012002222
In base 7, what is -146040 - 0?
-146040
In base 7, what is 2465236 + -4?
2465232
In base 8, what is 3127 + 64?
3213
In base 12, what is 3 - 71a?
-717
In base 12, what is 17 + 27a?
295
In base 8, what is 125237 - -3?
125242
In base 4, what is 321 + 1030321?
1031302
In base 15, what is -7b46c + 4?
-7b468
In base 14, what is 19abd - 16?
19aa7
In base 7, what is 3043516 + -1?
3043515
In base 5, what is 3003010 - 240?
3002220
In base 7, what is 10310 - 5?
10302
In base 14, what is -39 + -11c6?
-1221
In base 10, what is 26975 + -10?
26965
In base 13, what is -7c9509 - 2?
-7c950b
In base 8, what is 11 - 1131?
-1120
In base 13, what is -1 - -592b?
592a
In base 5, what is -41303 + 4110?
-32143
In base 9, what is -107 + -608?
-716
In base 15, what is -15a - -142?
-18
In base 12, what is -256 - 258?
-4b2
In base 8, what is 33126 + -4?
33122
In base 9, what is -16 - 287763?
-287780
In base 4, what is 330030311 - 2?
330030303
In base 4, what is -212 - -1332?
1120
In base 8, what is -102075 + 3?
-102072
In base 11, what is 5 - -22266?
22270
In base 11, what is -776 - -10?
-766
In base 15, what is 547b + 3a?
54b6
In base 4, what is -10313 - -233?
-10020
In base 15, what is -404 - 92?
-496
In base 16, what is 36003 + 15?
36018
In base 6, what is -15050 + 45?
-15001
In base 2, what is 110111100111111001 - 10?
110111100111110111
In base 4, what is -10 + -301101?
-301111
In base 11, what is 3 + -2657?
-2654
In base 14, what is 2b7 + 401?
6b8
In base 12, what is -5 - -a854?
a84b
In base 15, what is 8aa - 12?
898
In base 10, what is -163591 - 0?
-163591
In base 5, what is -132333 + -21?
-132404
In base 16, what is c - 31c?
-310
In base 6, what is 11340 - -10244?
22024
In base 11, what is -70 - -1a2?
132
In base 13, what is 1a + 47aa?
47c7
In base 3, what is -1001 + 10202?
2201
In base 15, what is 51 + -9471?
-9420
In base 5, what is 104241132 + -10?
104241122
In base 6, what is -425 + -405?
-1234
In base 8, what is -730 - -516?
-212
In base 6, what is -1 + -20241512?
-20241513
In base 9, what is 354 + -70?
274
In base 3, what is 121120122 - -102?
121121001
In base 15, what is -3b + ee4?
ea8
In base 14, what is -35 + -14a?
-181
In base 6, what is -2 + 404421?
404415
In base 4, what is -10210 + -123?
-10333
In base 13, what is 1ca68 + -4?
1ca64
In base 16, what is -2d + bd6?
ba9
In base 12, what is 1 + -2720?
-271b
In base 5, what is -122242 - -14?
-122223
In base 9, what is 125625 + 1?
125626
In base 16, what is 11a - 4?
116
In base 6, what is 42 + -230342?
-230300
In base 11, what is 3 + -4257?
-4254
In base 4, what is -10 + 13330010?
13330000
In base 9, what is 6044 + 736?
6781
In base 3, what is -1020002012 + -1112?
-1020010201
In base 4, what is -3 + 102311121?
102311112
In base 16, what is -b318 + 2?
-b316
In base 11, what is -5 - -6a10?
6a06
In base 6, what is 25 - 145425?
-145400
In base 15, what is 1 + b6bb?
b6bc
In base 7, what is 61 - -3624?
4015
In base 3, what is 1212120 + -10102201?
-1120011
In base 10, what is 2 + -6604?
-6602
In base 8, what is -274551 - -12?
-274537
In base 15, what is -160 - 33?
-193
In base 10, what is 103 + -19775?
-19672
In base 15, what is -b + 3dc8?
3dbc
In base 6, what is 23235 + -2155?
21040
In base 12, what is 14 + 285?
299
In base 15, what is 4 + a4b5?
a4b9
In base 5, what is -1310440 + 4?
-1310431
In base 13, what is -3 + 435c92?
435c8c
In base 16, what is a0 - -107?
1a7
In base 8, what is 20 + -57176?
-57156
In base 14, what is 29 + -156?
-12b
In base 9, what is 1515 + -3?
1512
In base 14, what is 2 + -1999?
-1997
In base 10, what is -5 - -288229?
288224
In base 2, what is -11010100100 - -11010?
-11010001010
In base 13, what is -5236 + 1a8?
-505b
In base 14, what is -166 - -648?
4c2
In base 11, what is 356 + -263?
a3
In base 7, what is 550 - 4601?
-4021
In base 3, what is -10010 - -100000?
12220
In base 14, what is 868a - 4d?
863b
In base 9, what is -160 + 2611?
2441
In base 7, what is -106233 + -14?
-106250
In base 14, what is -c0a1 + 18?
-c087
In base 10, what is -297 - 304?
-601
In base 13, what is -9a17c +